{"id":3560,"date":"2022-02-06T06:14:08","date_gmt":"2022-02-06T05:14:08","guid":{"rendered":"https:\/\/monitorgps.es\/site\/?post_type=product&#038;p=3560"},"modified":"2022-02-06T19:35:02","modified_gmt":"2022-02-06T18:35:02","slug":"yatek-209b","status":"publish","type":"product","link":"https:\/\/monitorgps.es\/site\/producto\/yatek-209b\/","title":{"rendered":"GPS lapa por im\u00e1n Yatek 209B"},"content":{"rendered":"","protected":false},"excerpt":{"rendered":"<p>Con este localizador GPS podr\u00e1 rastrear cualquier veh\u00edculo en cualquier momento ya que se pega a cualquier vehiculo con su magnetismo (im\u00e1n), solo peguelo en la parte baja de un veh\u00edculo y este localizador GPS podr\u00e1 rastrear el movimiento y la localizaci\u00f3n en tiempo real.<\/p>\n<p>Con su bater\u00eda de 10000mAh este localizador GPS tiene una autonom\u00eda de 120 d\u00edas, adem\u00e1s esta bater\u00eda es recargable. Por lo tanto podr\u00e1 pegarlo en la parte baja de cualquier veh\u00edculo y seguir su trayectoria por cualquier lugar del mundo, perfecto para espionaje e infidelidades.<\/p>\n","protected":false},"featured_media":3561,"template":"","meta":[],"product_cat":[41],"product_tag":[],"class_list":["post-3560","product","type-product","status-publish","has-post-thumbnail","hentry","product_cat-gps"],"_links":{"self":[{"href":"https:\/\/monitorgps.es\/site\/wp-json\/wp\/v2\/product\/3560","targetHints":{"allow":["GET"]}}],"collection":[{"href":"https:\/\/monitorgps.es\/site\/wp-json\/wp\/v2\/product"}],"about":[{"href":"https:\/\/monitorgps.es\/site\/wp-json\/wp\/v2\/types\/product"}],"wp:featuredmedia":[{"embeddable":true,"href":"https:\/\/monitorgps.es\/site\/wp-json\/wp\/v2\/media\/3561"}],"wp:attachment":[{"href":"https:\/\/monitorgps.es\/site\/wp-json\/wp\/v2\/media?parent=3560"}],"wp:term":[{"taxonomy":"product_cat","embeddable":true,"href":"https:\/\/monitorgps.es\/site\/wp-json\/wp\/v2\/product_cat?post=3560"},{"taxonomy":"product_tag","embeddable":true,"href":"https:\/\/monitorgps.es\/site\/wp-json\/wp\/v2\/product_tag?post=3560"}],"curies":[{"name":"wp","href":"https:\/\/api.w.org\/{rel}","templated":true}]}}