{"id":3562,"date":"2022-02-06T06:32:42","date_gmt":"2022-02-06T05:32:42","guid":{"rendered":"https:\/\/monitorgps.es\/site\/?post_type=product&#038;p=3562"},"modified":"2022-02-06T19:34:51","modified_gmt":"2022-02-06T18:34:51","slug":"gps-sinotrack","status":"publish","type":"product","link":"https:\/\/monitorgps.es\/site\/producto\/gps-sinotrack\/","title":{"rendered":"GPS Sinotrack"},"content":{"rendered":"","protected":false},"excerpt":{"rendered":"<p>Minicabezal impermeable con bater\u00eda integrada, rastreador GPS GSM 3G WCDMA, dispositivo de ST-901 para coche, motocicleta, veh\u00edculo, Control remoto, aplicaci\u00f3n Web gratuita<\/p>\n<h2 class=\"detail-desc-decorate-title\" data-spm-anchor-id=\"a2g0o.detail.1000023.i0.4ef63765U0jkXE\"><strong>Funci\u00f3n del art\u00edculo<\/strong><\/h2>\n<p class=\"detail-desc-decorate-content\">-Rastreador GPS a prueba de agua<br \/>\n-Tama\u00f1o Mini f\u00e1cil de ocultar<br \/>\n-Detecci\u00f3n ACC (alarma ACC)<br \/>\n-Corta el motor de forma remota (solo admite cable de 4 pines con rel\u00e9)<br \/>\n-Alarma de apagado principal (solo con bater\u00eda)<br \/>\n-Alarma geo-cerca y alarma de exceso de velocidad<br \/>\n-Para veh\u00edculo\/motocicleta\/Scooter<br \/>\n-Versi\u00f3n 2G GSM 850\/900\/1800\/1900Mhz<br \/>\n-3G versi\u00f3n WCDMA 850\/900\/1900\/2100Mhz<br \/>\n-Antena GPS y GSM de alta sensibilidad integrada,<br \/>\n-GPS\/GPRS\/GSM\/SMS posicionamiento y seguimiento<br \/>\n-Seguimiento de SMS en el tel\u00e9fono m\u00f3vil con enlace de google maps<\/p>\n","protected":false},"featured_media":3563,"template":"","meta":[],"product_cat":[41],"product_tag":[],"class_list":["post-3562","product","type-product","status-publish","has-post-thumbnail","hentry","product_cat-gps"],"_links":{"self":[{"href":"https:\/\/monitorgps.es\/site\/wp-json\/wp\/v2\/product\/3562","targetHints":{"allow":["GET"]}}],"collection":[{"href":"https:\/\/monitorgps.es\/site\/wp-json\/wp\/v2\/product"}],"about":[{"href":"https:\/\/monitorgps.es\/site\/wp-json\/wp\/v2\/types\/product"}],"wp:featuredmedia":[{"embeddable":true,"href":"https:\/\/monitorgps.es\/site\/wp-json\/wp\/v2\/media\/3563"}],"wp:attachment":[{"href":"https:\/\/monitorgps.es\/site\/wp-json\/wp\/v2\/media?parent=3562"}],"wp:term":[{"taxonomy":"product_cat","embeddable":true,"href":"https:\/\/monitorgps.es\/site\/wp-json\/wp\/v2\/product_cat?post=3562"},{"taxonomy":"product_tag","embeddable":true,"href":"https:\/\/monitorgps.es\/site\/wp-json\/wp\/v2\/product_tag?post=3562"}],"curies":[{"name":"wp","href":"https:\/\/api.w.org\/{rel}","templated":true}]}}